 -2*a - 2*i + 2141 = 165, 3*i = -a + 984. What is the hundreds digit of a?
9
Let m be -1*85*10/(-25). Suppose -1 = -3*g + 2. Suppose -u + 0*a = 4*a - m, g = a. What is the units digit of u?
0
Let m(i) = -3*i + 19. Let g be m(7). What is the tens digit of (-8)/(4 + g) - -38?
3
Suppose 0*v + 2*v - 657 = 5*j, 3*v = 5*j + 658. Let z = -57 - j. Let g = z + -50. What is the units digit of g?
4
Suppose 288 = -3*i + 6*i. Let y = i - 73. What is the units digit of y?
3
Let l be 4/14 - -12302*(-1)/(-14). Suppose 4*j - 3*v - 688 = 0, 0*v - l = -5*j - v. What is the hundreds digit of j?
1
Suppose -3*q + 2*h + 1534 = 0, -q - 100 = -5*h - 620. What is the units digit of q?
0
Let a(p) = 2*p**2 - 4*p. Let i be a(8). Let q = 28 + -26. Suppose 5*j - q*j - i = 0. What is the tens digit of j?
3
Suppose 155 = -4*f - 37. Let i = 59 - f. What is the hundreds digit of i?
1
Let n = 45 - 28. Suppose 225 = -14*v + n*v. What is the tens digit of v?
7
Let d(o) = -9*o**3 - 2*o**2 - 4*o - 3. Let i be d(-1). Suppose 2*s + 348 = i*s. What is the units digit of s?
8
What is the hundreds digit of (32 - 31)*(-3)/((-6)/3368)?
6
What is the units digit of (2/(-6))/((-6 - -9)/(-3843))?
7
Suppose -4*q - 5*w = -34 + 71, 4*w + 8 = 4*q. Let d(h) = -h**3 + 3*h**2 + 4*h + 2. Let y be d(-2). Let c = y - q. What is the units digit of c?
7
Let t be -9 - 16 - (-5 - -1). Let g = t - -93. Let d = g + -41. What is the tens digit of d?
3
Suppose 6*p = 9601 + 7289. What is the tens digit of p?
1
Let u(s) = 12*s**2 - 22*s - 44. What is the units digit of u(-2)?
8
Let u(j) = -j + 6. Let w(f) = 4*f**2 + f + 1. Let h be w(-1). Let x be u(h). Suppose 2*v + v = 5*b + 42, x*v = -3*b + 9. What is the units digit of v?
9
Let w(n) = n + 7. Let b be w(-3). What is the tens digit of (-4*(-1)/b)/(5/895)?
7
Let y(p) = -3*p - 13. Let a = -17 + 17. Let l be y(a). What is the tens digit of 2*35 - (l + 15)?
6
Let t(i) = -2*i**2 + 15*i + 10. Let d be t(8). Suppose -u = d*u - 108. What is the units digit of u?
6
Let r be 2 + 5 + (-5 - -5). Let v be (-37)/r - (-2)/7. What is the units digit of 2/v*1220/(-8)?
1
Let d be (28/6)/((-4)/(-6)). Let g be 6/14 - (-39)/d. Suppose -3*p - g = -9. What is the units digit of p?
1
Suppose -4*i + 11 = -5*z - 41, -3*i + 39 = z. Suppose i + 15 = -4*n. Let k = 14 + n. What is the units digit of k?
7
What is the units digit of (-4820)/3*36/(-30) + 3?
1
What is the hundreds digit of -2 + (-4665)/(-9) - (-20)/12?
5
Suppose 5*f - 331 = -a, -928 = a - 4*a - 2*f. What is the tens digit of a?
0
Let v = 80 + 9. Let w = -29 + v. What is the tens digit of w?
6
Let n = -2 - -56. Let o = n + -5. Suppose -j + 4*c = -11, j - o = -2*j + 4*c. What is the tens digit of j?
1
Let f(d) be the first derivative of -d**2 + 4*d - 2. Let w be f(-2). Suppose 28 = 4*v - s, 3*v - 5*s + s - w = 0. What is the units digit of v?
8
Suppose -38 - 172 = -2*k. What is the units digit of k?
5
Suppose -2*k + 1234 = -4*i, 4*k = i + 3138 - 635. What is the hundreds digit of k?
6
Suppose 3*z = 5*p + 486, z + 43 = -3*p + 191. Let c = z + -97. What is the units digit of c?
0
Let b be 0 + (-2)/(-6) - (-12)/(-36). Suppose -4*s + 94 = 5*m, -4*s - 2*m + 7*m + 74 = b. What is the units digit of s?
1
Let z be (4 - 2) + 15/5. Suppose a - 4*q - 45 = -0*a, z*a + 3*q = 248. What is the units digit of a?
9
Let i(m) = m**2 + 11*m + 6. Let j be i(-8). Let h = j - 23. Let s = h - -69. What is the tens digit of s?
2
Suppose 7*b - 2 = 6*b - 5*p, 3*b - 6 = 2*p. What is the hundreds digit of b*1 + (-3718)/(-11)?
3
Let o = 5 - 1. Suppose -2*d + 14 = 3*x - 11, 3*x = o*d + 13. Suppose -b = 2*v - x, b - 5*v + 12 = -2. What is the units digit of b?
1
Suppose -6*t + 2*l - 1012 = -8*t, 12 = -3*l. What is the units digit of t?
0
Let v = 15 - 22. Let j(f) = -7*f - 8. Let g be j(v). Let o = -22 + g. What is the units digit of o?
9
Suppose -4*w + 22 = 3*x + 8, 5*w + 3*x - 19 = 0. Let f = w + 3. Suppose 11 = i - f. What is the tens digit of i?
1
Suppose -5*c - 2*p + 4849 = 0, 48*c + 5*p = 49*c - 959. What is the hundreds digit of c?
9
Suppose 5*k = 5*j + 210, -4*j - j - 124 = -3*k. Suppose -4*o - 5*d + k = 0, o + d = 2*o - 13. Let n(m) = 3*m - 12. What is the units digit of n(o)?
4
Let m(c) be the third derivative of 0*c + 0 - 2*c**2 + 5/6*c**3 + 1/6*c**4 + 1/60*c**5. What is the units digit of m(-5)?
0
Suppose -472 = -t + 4*i, 1931 = 4*t - 5*i + 76. Suppose 13*o - 8*o = t. What is the tens digit of o?
9
What is the tens digit of (-57)/76 + 318/8?
3
Suppose -p = -5*z + 6, 3*z = 3*p + 2*p - 14. What is the units digit of p?
4
Let s be -3 - ((-3)/1 + 1). Let r(j) = 13*j**3 + j**2 - j - 2. Let c be r(s). Let z = 17 + c. What is the units digit of z?
4
Let q = 30 + -30. Suppose -2*p + 17 + 63 = q. What is the units digit of p?
0
Let m(j) = -j**3 + 12*j**2 - j + 17. Let w be m(12). Suppose g + 687 = 3*h - 2*g, -g + 1127 = w*h. What is the hundreds digit of h?
2
Let p = -98 - -27. Let a = -35 - p. What is the tens digit of a?
3
Let h be (-915)/60*-1*8. Let v = -48 + h. What is the tens digit of v?
7
Let o(n) = -10 - 7 + 2 - 12*n + 2*n**2 - 6. What is the units digit of o(10)?
9
Suppose -2*p + p + 2*a = 4, -10 = 2*p - 5*a. Suppose 0 = 3*o - p*h - 2*h - 336, 4*o = 4*h + 452. What is the tens digit of o?
1
Suppose -4*f = -12*f + 56. Suppose 584 = -f*n + 1739. What is the hundreds digit of n?
1
Suppose -3*j = -l + 234, 9*j - 4*j = -3*l - 390. What is the tens digit of (-5902)/j + 2/6?
7
Let u = -12 + 12. Suppose u = i - 3 - 4. Suppose 3*p = 2*f - 36 + i, 0 = -4*f - 2*p + 50. What is the units digit of f?
3
Let g = -268 + -12. Let c(t) = t**3 + 4*t**2 - t - 3. Let x be c(-4). What is the tens digit of (x + 0)/((-8)/g)?
3
Let b(d) be the first derivative of d**4/4 - 16*d**3/3 - 17*d**2/2 + 4*d + 8. Let f be b(17). Suppose n + f*n = 65. What is the units digit of n?
3
Let o = 1869 + -994. Suppose r - 865 = -5*i, -3*i - 2*i + o = -r. What is the tens digit of i?
7
Let i = -15 + 15. Suppose 5*l - n = -i*l + 294, -5*n + 154 = 3*l. What is the tens digit of l?
5
Suppose 17 = 4*v - 55. Suppose -3*q + 120 = -v. What is the units digit of q?
6
Let g(w) = 9*w**3 + w**2 - 2*w - 8. What is the tens digit of g(4)?
7
Suppose 81*u - 70*u - 23903 = 0. What is the units digit of u?
3
Suppose 12 = q + 5*y, 2*y + 2 = -5*q - 7. Let k(o) = o**3 + 4*o**2 - o - 2. Let r be k(q). Let c(f) = -f**2 + 10*f + 1. What is the units digit of c(r)?
1
What is the units digit of (2 - 2417)*17/(-51)?
5
Suppose 0 = m - 40 + 44. Let z(u) = u - 2*u**2 - u**3 - 4*u + 0*u**2 - 3. What is the tens digit of z(m)?
4
Let b = -49 - -47. What is the units digit of 1638/12 - (-3)/b?
5
Suppose 4*n - 7*y = -y + 15378, -n = 5*y - 3864. What is the units digit of n?
9
Suppose 2*r + 2 = 34. Suppose 2*l = r - 6. Suppose 3*w = -a + 18, -6 + 5 = 2*w + l*a. What is the units digit of w?
7
Suppose -4*o = -3*h + h - 40, 5*h - 12 = -4*o. Suppose -2 + 4 = q. Suppose -q*n = o - 68. What is the tens digit of n?
3
Let p = 850 + 339. What is the thousands digit of p?
1
Let m(h) = -h**3 - 11*h**2 - 11*h + 6. Let t be m(-9). Let i = -30 - t. What is the units digit of i?
7
Let j(g) = g**3 - 7*g**2 + g - 9. Let c be j(7). What is the tens digit of 17 + c + (-12 - -9)?
1
Suppose 0 = -2*q + 3*q - 15. Let a = q - 11. Suppose 2*j - a*o - 80 = 0, 2*j - 44 = 3*o + 31. What is the units digit of j?
0
Suppose 9 = -3*w, 19*d = 21*d + 2*w - 1970. What is the units digit of d?
8
Let d = -121 - -133. Suppose -3*q - 2 = 2*u, d = -2*q - 5*u + u. What is the units digit of q?
2
Let v be 34/(3/14 - 18/(-63)). Suppose 67 + v = 5*w. What is the tens digit of w?
2
Let g(y) = -3*y**2 + 1 + 4*y - y**3 + y**3 + 2*y**3. What is the units digit of g(3)?
0
Let c be -2 + 184/(-12)*3. Suppose 8*x + 408 = 2*x. Let g = c - x. What is the tens digit of g?
2
Suppose -5*y + 25 = 40. Let o be y - (7 + -3 - 34). Suppose 2*x - o = 49. What is the units digit of x?
8
What is the tens digit of (-7038246)/(-2461) + (-4)/(-46)?
6
Suppose -m - 5*i = 6, -m + 5*m = i + 18. Suppose -2*d - m*t = -5*t - 225, -243 = -2*d - 5*t. What is the hundreds digit of d?
1
Let c be (-3 - -5) + (28 - -5). Let k = -20 + c. What is the tens digit of k?
1
Let l be -2 - (-4 - -1) - -4. Suppose 2*d + 22 = 5*n, 0 = -d - l*n + 5 - 1. Let h(v) = -v**2 - 12*v. What is the units digit of h(d)?